63936 and 2403?
27
Calculate the greatest common factor of 7645515 and 159.
159
What is the greatest common divisor of 195 and 63540?
15
What is the greatest common factor of 377632 and 256?
32
What is the greatest common factor of 7099092 and 33?
33
What is the greatest common factor of 1591193 and 38?
19
What is the highest common divisor of 170395 and 1929?
643
What is the greatest common factor of 1056 and 36664?
8
What is the greatest common divisor of 5895 and 2205?
45
What is the greatest common divisor of 340 and 3920?
20
Calculate the greatest common divisor of 2408 and 717928.
344
Calculate the highest common factor of 42425 and 325.
25
Calculate the highest common divisor of 30 and 16118.
2
Calculate the greatest common factor of 10 and 600825.
5
Calculate the greatest common factor of 1210 and 40.
10
Calculate the greatest common factor of 48 and 8933712.
48
Calculate the greatest common divisor of 5963 and 12193.
89
What is the greatest common divisor of 39 and 2002611?
39
Calculate the highest common factor of 265 and 192125.
265
Calculate the highest common factor of 1246 and 3269.
7
What is the greatest common divisor of 115666 and 12684?
302
Calculate the greatest common factor of 1179560 and 111.
37
What is the greatest common factor of 57 and 108832?
19
What is the greatest common factor of 505707 and 1212?
303
What is the greatest common divisor of 460 and 68?
4
What is the greatest common divisor of 98340 and 3427?
149
What is the highest common divisor of 3615832 and 8?
8
What is the greatest common divisor of 1508 and 12168?
52
Calculate the highest common divisor of 428 and 282694.
214
Calculate the greatest common factor of 5740 and 3157.
287
Calculate the highest common factor of 16856323 and 11.
11
Calculate the greatest common divisor of 3001 and 16.
1
What is the greatest common divisor of 39890 and 35?
5
What is the greatest common divisor of 5248 and 65928?
328
Calculate the greatest common divisor of 708 and 456.
12
What is the highest common divisor of 388 and 492?
4
Calculate the highest common factor of 120868 and 123.
41
Calculate the highest common divisor of 68 and 2125.
17
What is the greatest common factor of 41458 and 456?
38
Calculate the highest common factor of 116400 and 560.
80
What is the highest common factor of 2829 and 33051?
69
Calculate the highest common divisor of 595723 and 69.
23
What is the greatest common factor of 1866 and 66?
6
Calculate the highest common divisor of 3569356 and 980.
196
What is the highest common factor of 2169 and 300?
3
Calculate the greatest common factor of 1828 and 11425.
457
What is the greatest common factor of 1880 and 7144?
376
What is the highest common factor of 196 and 11809?
49
Calculate the highest common factor of 155992 and 30969.
1147
What is the highest common factor of 1132 and 571660?
1132
What is the highest common factor of 304 and 186352?
304
Calculate the greatest common factor of 1510015 and 169.
169
Calculate the highest common factor of 1401283 and 13.
13
Calculate the highest common factor of 84 and 191905.
7
What is the highest common factor of 7577 and 30?
1
Calculate the highest common factor of 53667 and 89.
89
What is the highest common divisor of 33775 and 1400?
175
Calculate the highest common divisor of 5500 and 15719.
11
What is the greatest common factor of 361335 and 255?
255
Calculate the highest common divisor of 2047 and 50463.
89
What is the highest common divisor of 57810 and 7011?
123
Calculate the highest common divisor of 605610 and 54.
54
What is the highest common divisor of 16020 and 2340?
180
What is the greatest common factor of 79 and 1042563?
79
Calculate the highest common factor of 800 and 104150.
50
Calculate the greatest common divisor of 24156 and 176.
44
Calculate the highest common divisor of 8797042 and 1511.
1511
Calculate the highest common factor of 16891 and 54229.
889
Calculate the highest common divisor of 1504216 and 112.
56
Calculate the highest common divisor of 280654 and 264.
22
Calculate the greatest common divisor of 221 and 9763.
13
What is the greatest common factor of 3720 and 210?
30
What is the greatest common factor of 705 and 177895?
235
What is the highest common factor of 114 and 83562?
114
Calculate the highest common divisor of 427777 and 69.
23
What is the highest common divisor of 6 and 152162?
2
Calculate the greatest common divisor of 10 and 71180.
10
What is the greatest common factor of 168 and 2876808?
24
What is the greatest common divisor of 49 and 586579?
49
What is the greatest common divisor of 153 and 259029?
153
Calculate the highest common factor of 135 and 5517.
9
Calculate the highest common factor of 3644683 and 1174.
587
Calculate the greatest common factor of 710 and 30.
10
What is the greatest common divisor of 121592 and 16?
8
What is the greatest common divisor of 5805 and 10125?
135
Calculate the highest common factor of 33 and 5826.
3
Calculate the greatest common factor of 4662 and 742.
14
What is the greatest common divisor of 16416 and 320?
32
What is the greatest common divisor of 243 and 1048302?
243
Calculate the greatest common divisor of 58409 and 91.
13
Calculate the highest common factor of 33481 and 119.
7
What is the highest common divisor of 143 and 23608?
13
What is the highest common factor of 137 and 831179?
137
Calculate the greatest common divisor of 2350 and 1081.
47
What is the greatest common factor of 16906 and 134?
2
Calculate the greatest common factor of 360 and 8055.
45
What is the highest common divisor of 99 and 97119?
99
Calculate the highest common factor of 33 and 34437.
3
What is the highest common divisor of 581 and 539?
7
Calculate the highest common factor of 90 and 94590.
90
Calculate the greatest common factor of 200 and 181400.
200
Calculate the greatest common factor of 804146 and 213.
71
Calculate the highest common divisor of 12222 and 30.
6
What is the greatest common factor of 3229785 and 1170?
585
Calculate the highest common divisor of 19110 and 1312710.
1470
What is the highest common divisor of 568 and 33086?
142
What is the highest common divisor of 402 and 324?
6
What is the greatest common factor of 44 and 58124?
44
What is the greatest common divisor of 6902411 and 883?
883
What is the greatest common factor of 159 and 151315?
53
Calculate the highest common divisor of 36 and 60219.
9
What is the greatest common divisor of 356 and 39961?
89
Calculate the highest common factor of 17168 and 2.
2
What is the greatest common divisor of 4497269 and 98?
49
Calculate the highest common factor of 224390 and 76.
38
Calculate the highest common divisor of 4980643 and 17.
17
What is the highest common factor of 29127 and 17556?
399
What is the highest common factor of 7740 and 1044?
36
Calculate the greatest common factor of 520 and 2340.
260
Calculate the highest common divisor of 1638045 and 409.
409
What is the highest common factor of 44296 and 154?
14
What is the highest common divisor of 171 and 50559?
57
What is the greatest common factor of 2 and 12347?
1
Calculate the greatest common divisor of 3591 and 1174599.
171
Calculate the highest common divisor of 280 and 68840.
40
What is the highest common divisor of 3002 and 8848?
158
What is the greatest common factor of 274068 and 16?
4
Calculate the highest common divisor of 43610 and 14945.
245
Calculate the highest common divisor of 10764 and 360.
36
Calculate the highest common factor of 88 and 451.
11
Calculate the highest common divisor of 24 and 183828.
12
Calculate the highest common divisor of 101781 and 3096.
387
What is the highest common divisor of 82 and 2307029?
41
Calculate the greatest common factor of 107078 and 148.
74
Calculate the greatest common divisor of 202 and 167458.
202
What is the highest common divisor of 1264845 and 27454?
1961
Calculate the greatest common factor of 44 and 27478.
22
Calculate the highest common divisor of 1335 and 398898.
267
Calculate the greatest common factor of 5834676 and 4.
4
What is the highest common divisor of 278773 and 11?
11
What is the greatest common factor of 44523 and 5049?
459
What is the greatest common factor of 245 and 3805?
5
What is the highest common divisor of 90 and 8526?
6
Calculate the